composite?
False
Is 2364853 a prime number?
False
Is 108695337 a composite number?
True
Is 33527929 composite?
False
Is 252310739 composite?
False
Is 264478657 a prime number?
False
Is 315869381 a composite number?
True
Is 1013017 prime?
False
Is 6714403 composite?
False
Is 114477229 a composite number?
True
Is 1396649 prime?
False
Is 21489103 a composite number?
True
Is 37834843 a prime number?
False
Is 70857019 prime?
False
Is 129088727 a prime number?
False
Is 268077161 a composite number?
True
Is 28501087 a prime number?
True
Is 14926591 a composite number?
False
Is 106442483 a composite number?
True
Is 1161617 prime?
True
Is 3664993 a prime number?
False
Is 3012271 prime?
True
Is 20646011 a prime number?
True
Is 48527303 prime?
False
Is 2046787 a prime number?
True
Is 40005897 composite?
True
Is 187834061 a prime number?
True
Is 4639513 composite?
False
Is 151455937 a composite number?
True
Is 10049929 prime?
True
Is 7142341 a composite number?
False
Is 6893578 prime?
False
Is 4860483 composite?
True
Is 312006341 composite?
False
Is 1259009 composite?
True
Is 3049361 a prime number?
False
Is 13989133 a prime number?
True
Is 1302313 a prime number?
True
Is 823313 prime?
False
Is 5455231 a prime number?
False
Is 12750077 a composite number?
True
Is 3832505 a prime number?
False
Is 847967 prime?
True
Is 15405851 a prime number?
True
Is 35427103 prime?
True
Is 261881 a prime number?
True
Is 300229 prime?
True
Is 41642747 prime?
True
Is 177485719 a composite number?
False
Is 17832739 a prime number?
False
Is 1921247 composite?
False
Is 1786049 a composite number?
True
Is 382137103 composite?
False
Is 285652427 prime?
True
Is 59064797 a composite number?
True
Is 736243799 composite?
False
Is 13890163 a composite number?
True
Is 101908849 a prime number?
False
Is 671323 prime?
True
Is 66513413 composite?
True
Is 6847949 a composite number?
False
Is 16044263 a composite number?
False
Is 104497031 prime?
False
Is 102988367 composite?
True
Is 5783627 composite?
True
Is 66319 a composite number?
True
Is 130296931 a composite number?
True
Is 60067897 composite?
False
Is 59219669 a composite number?
False
Is 58526621 composite?
False
Is 391528757 a composite number?
True
Is 287783 prime?
True
Is 10400473 a composite number?
True
Is 328902371 a prime number?
False
Is 779112229 composite?
True
Is 7365269 a composite number?
False
Is 1586943478 a composite number?
True
Is 92849591 composite?
False
Is 83149622 prime?
False
Is 674426 composite?
True
Is 21419449 a composite number?
False
Is 11375579 composite?
True
Is 9113903 composite?
False
Is 464806029 composite?
True
Is 27265001 a prime number?
True
Is 80362169 a composite number?
False
Is 366965399 a composite number?
False
Is 24743399 prime?
True
Is 102865561 prime?
False
Is 131164643 a prime number?
True
Is 14331437 a prime number?
True
Is 1523861 prime?
True
Is 206245901 composite?
True
Is 2691449 a prime number?
False
Is 15473761 prime?
True
Is 216104041 composite?
False
Is 22104689 a composite number?
False
Is 765704021 a composite number?
True
Is 8745118 prime?
False
Is 4886303 composite?
False
Is 1449667 a prime number?
False
Is 2163949015 a composite number?
True
Is 345455081 composite?
True
Is 553867 composite?
False
Is 35161073 a prime number?
True
Is 297456739 a composite number?
True
Is 2383157 prime?
False
Is 673781 composite?
False
Is 27446281 a prime number?
True
Is 50997521 composite?
False
Is 11015 prime?
False
Is 88463 a composite number?
False
Is 398582669 composite?
False
Is 20051921 a prime number?
True
Is 61401167 composite?
True
Is 2138743 prime?
True
Is 11949373 prime?
True
Is 2599171 a composite number?
True
Is 7706759 a prime number?
True
Is 21653365 prime?
False
Is 19857671 prime?
False
Is 157714339 a prime number?
False
Is 7783585 a composite number?
True
Is 200477881 a composite number?
False
Is 7010299 a prime number?
False
Is 1111949 a prime number?
True
Is 16051586 a composite number?
True
Is 10683139 a prime number?
True
Is 208583959 prime?
True
Is 18092315 a composite number?
True
Is 9056447 a composite number?
False
Is 156187121 composite?
True
Is 123652421 a prime number?
True
Is 13438631 a composite number?
True
Is 3700189 composite?
True
Is 7901 composite?
False
Is 21958709 prime?
True
Is 4297831 prime?
False
Is 4687385 a composite number?
True
Is 17561723 composite?
True
Is 11110769 a composite number?
False
Is 1592827 prime?
False
Is 15272293 a composite number?
False
Is 9916523 prime?
True
Is 12465113 a composite number?
True
Is 2369779 prime?
True
Is 66830059 a prime number?
True
Is 165847 a prime number?
False
Is 93608609 a prime number?
True
Is 38167529 prime?
True
Is 6932897 a composite number?
False
Is 5006213 prime?
False
Is 1959589 a composite number?
True
Is 73476951 a prime number?
False
Is 13958167 composite?
True
Is 124740017 composite?
True
Is 97524851 a prime number?
False
Is 255390187 prime?
False
Is 3730063 a composite number?
False
Is 2757301 composite?
True
Is 681721 prime?
False
Is 17164801 composite?
False
Is 7429622 composite?
True
Is 49814957 a composite number?
False
Is 2261009 prime?
True
Is 32469523 prime?
True
Is 1096727 composite?
False
Is 25700887 a composite number?
False
Is 4892461 a composite number?
True
Is 1670987 a prime number?
False
Is 13704101 composite?
False
Is 17517689 a prime number?
False
Is 16823699 prime?
False
Is 15867741 a composite number?
True
Is 2113283 a prime number?
True
Is 108581 prime?
False
Is 53057581 a composite number?
False
Is 2819981 a prime number?
True
Is 5050543 a prime number?
True
Is 10476143 prime?
False
Is 114268909 composite?
False
Is 1835527 composite?
False
Is 5239621 composite?
True
Is 4021349 prime?
True
Is 438479 composite?
False
Is 20810931 composite?
True
Is 2941417 a prime number?
False
Is 3343957 composite?
False
Is 12446693 a prime number?
False
Is 92617867 composite?
True
Is 105809323 a prime number?
True
Is 19183897 a composite number?
True
Is 10433387 a prime number?
False
Is 1593703 a composite number?
False
Is 30410381 a composite number?
False
Is 245647783 a composite number?
False
Is 5620609 composite?
False
Is 45732733 prime?
False
Is 50169461 composite?
False
Is 5132821 composite?
False
Is 42289703 prime?
False
Is 152297267 a composite number?
False
Is 9219181 composite?
True
Is 14264189 composite?
True
Is 26666111 a composite number?
False
Is 15497429 prime?
False
Is 21888623 a composite number?
False
Is 63079381 prime?
False
Is 4975727 a prime number?
False
Is 1234631 prime?
False
Is 779609 composite?
False
Is 40930418 prime?
False
Is 411101 prime?
True
Is 3932101 composite?
True
Is 41094701 a composite number?
True
Is 1350449 composite?
False
Is 2649193 a prime number?
True
Is 14871 prime?
False
Is 18754135 a prime number?
False
Is 147311 prime?
True
Is 646339 a composite number?
False
Is 467927 prime?
True
Is 1350517 prime?
False
Is 531229 composite?
False
Is 1508908171 composite?
False
Is 101959427 a composite number?
False
Is 179935481 prime?
False
Is 1480663 prime?
True
Is 809687 prime?
False
Is 6506023 composite?
False
Is 1408493 composite?
False
Is 4844149 composite?
True
Is 326903 composite?
False
Is 52336741 prime?
False
Is 225065531 prime?
True
Is 1562041 composite?
True
Is 2475751 a composite number?
False
Is 439877 a composite number?
True
Is 2319673 prime?
False
Is 16384979 prime?
False
Is 150046301 prime?
False
Is 7525571 prime?
True
Is 32896361 a composite number?
False
Is 182157 a composite number?
True
Is 5975659 a prime number?
True
Is 829811 composite?
False
Is 12331441 a prime number?
True
Is 9120667 composite?
False
Is 227827 a prime number?
True
Is 9758927 a composite number?
False
Is 1636109 prime?
False
Is 13732099 composite?
True
Is 6942347 composite?
True
Is 931811 a composite number?
False
Is 57613 a composite number?
True
Is 19276843 a composite number?
False
Is 5491603 prime?
False
Is 325807 composite?
False
Is 4781503 prime?
False
Is 291073 prime?
False
Is 1593887 a composite number?
False
Is 6025007 a composite number?
True
Is 1801967 a composite number?
False
Is 20590991 prime?
True
Is 33250981 a composite number?
True
Is 122070502 a composite number?
True
Is 15990493 composite?
True
Is 16993189 composite?
True
Is 23945791 a composite numb